or of 1947 and 3983001?
33
What is the greatest common divisor of 99791808 and 1224?
24
What is the highest common factor of 248742 and 4212?
234
What is the greatest common factor of 2238 and 396?
6
What is the highest common factor of 5200 and 173169400?
200
Calculate the highest common factor of 11151 and 2104235.
413
What is the highest common divisor of 17330804 and 4881?
1627
What is the highest common divisor of 24 and 845783298?
6
Calculate the greatest common factor of 75714 and 1596.
6
Calculate the greatest common divisor of 25141 and 135935.
31
What is the greatest common factor of 1109367 and 252?
63
Calculate the highest common factor of 1495 and 885599.
13
Calculate the greatest common factor of 17547930 and 6.
6
What is the highest common factor of 10270 and 36226240?
790
Calculate the greatest common factor of 843894 and 198777.
519
What is the greatest common factor of 29427 and 17289?
51
Calculate the highest common divisor of 15762 and 87614.
142
Calculate the highest common divisor of 64 and 113887744.
64
Calculate the highest common divisor of 51715986 and 133.
133
What is the highest common divisor of 830 and 715390?
10
What is the greatest common divisor of 698580 and 92970?
90
What is the greatest common factor of 112 and 163408?
112
Calculate the highest common factor of 16588 and 4102852.
52
Calculate the greatest common factor of 3042 and 560118.
78
What is the highest common divisor of 268376351 and 3634?
1817
What is the highest common divisor of 3875 and 1046219?
31
Calculate the highest common factor of 71916 and 31416228.
5532
Calculate the greatest common factor of 143886418 and 234.
26
What is the greatest common divisor of 1185457 and 27391?
637
What is the greatest common divisor of 1975844 and 13?
13
What is the greatest common divisor of 2460 and 103618070?
410
What is the highest common divisor of 3612 and 15500468?
172
What is the highest common factor of 784 and 27808?
16
What is the highest common factor of 42860 and 11994371?
2143
Calculate the greatest common factor of 499490 and 23901890.
1990
Calculate the highest common divisor of 184 and 115096140.
92
What is the highest common factor of 312147 and 77220?
297
Calculate the highest common factor of 17 and 15664477.
1
Calculate the highest common divisor of 468 and 407476.
4
What is the highest common divisor of 315 and 32109420?
105
Calculate the greatest common divisor of 5890 and 132782982.
1178
What is the greatest common factor of 91588 and 35952?
28
What is the greatest common factor of 34281549 and 9?
9
Calculate the highest common factor of 4457044 and 5.
1
What is the greatest common factor of 132 and 11021879?
11
What is the highest common divisor of 27665187 and 21714?
1551
Calculate the greatest common divisor of 2118849 and 6.
3
What is the greatest common factor of 12181991 and 259?
37
What is the highest common divisor of 161 and 944357?
23
What is the highest common factor of 9212621 and 12298?
473
What is the greatest common divisor of 305277784 and 13160?
2632
Calculate the highest common divisor of 140 and 14182615.
5
Calculate the highest common factor of 112 and 523600504.
56
Calculate the greatest common divisor of 29736 and 11208.
24
Calculate the highest common factor of 2988 and 35723034.
1494
What is the greatest common factor of 633 and 563493857?
211
What is the highest common factor of 8721590 and 10?
10
What is the highest common factor of 267584 and 457024?
2368
Calculate the greatest common divisor of 10773 and 61983054.
1197
What is the greatest common divisor of 82 and 403462?
2
What is the greatest common divisor of 54144 and 9657216?
1152
Calculate the highest common factor of 543 and 1804027.
181
Calculate the highest common factor of 512966925 and 1836.
459
Calculate the greatest common divisor of 105241343 and 89.
89
What is the highest common factor of 479784069 and 10827?
3609
Calculate the greatest common divisor of 576 and 7592112.
144
What is the highest common factor of 560 and 34196176?
112
Calculate the highest common divisor of 3174480 and 2304.
144
What is the highest common factor of 1707537882 and 6?
6
What is the highest common factor of 3098933 and 869?
79
Calculate the highest common factor of 1024026498 and 82035.
16407
Calculate the highest common divisor of 70327425 and 75.
75
What is the highest common divisor of 627769 and 7181208?
5867
What is the greatest common factor of 1198354 and 913?
83
What is the greatest common divisor of 150 and 3022350?
150
Calculate the highest common divisor of 710 and 371850.
10
Calculate the highest common factor of 681306 and 4370.
46
What is the greatest common divisor of 301516873 and 653?
653
Calculate the highest common divisor of 483 and 1776768.
21
What is the highest common factor of 141678542 and 14510?
2902
Calculate the highest common divisor of 5556 and 4122.
6
What is the greatest common factor of 137543864 and 1656?
184
What is the highest common factor of 337565 and 365?
5
What is the greatest common divisor of 1717 and 29699?
17
What is the greatest common divisor of 2350248480 and 120?
120
Calculate the highest common factor of 1906033052 and 834.
278
Calculate the greatest common factor of 6357 and 42910728.
489
Calculate the highest common divisor of 26357443 and 29559.
167
Calculate the highest common divisor of 1725606 and 33683.
2591
Calculate the highest common divisor of 1528 and 277953896.
1528
What is the highest common divisor of 231931508 and 38270?
7654
Calculate the greatest common factor of 81 and 9360063.
27
What is the highest common divisor of 1686 and 3974745?
843
What is the highest common divisor of 69732 and 29916?
36
What is the greatest common divisor of 267323 and 441?
7
Calculate the highest common factor of 53614400 and 325.
25
Calculate the greatest common factor of 129253289 and 73.
73
Calculate the highest common divisor of 19004990 and 10.
10
What is the highest common factor of 990649 and 11572?
11
What is the greatest common divisor of 56 and 27757926?
14
What is the greatest common factor of 370 and 1276477430?
370
Calculate the highest common divisor of 16799304 and 11240.
2248
Calculate the highest common factor of 175569 and 30516342.
4083
Calculate the highest common divisor of 302 and 1507165126.
302
Calculate the greatest common divisor of 3702550 and 2430.
10
What is the highest common factor of 294 and 44299185?
147
What is the greatest common factor of 140 and 83611820?
20
What is the highest common factor of 7 and 6815039?
7
Calculate the highest common divisor of 58563 and 373410.
81
What is the highest common factor of 8718 and 87001281?
4359
Calculate the greatest common factor of 492 and 133028928.
492
Calculate the highest common factor of 348 and 1051397436.
348
Calculate the greatest common factor of 13116 and 15933754.
2186
Calculate the greatest common divisor of 8635422 and 595358.
5462
What is the greatest common factor of 9016 and 407372?
28
Calculate the highest common divisor of 180457 and 1113331.
181
Calculate the highest common divisor of 370 and 1612809650.
370
Calculate the greatest common divisor of 5577 and 5221359.
429
Calculate the highest common divisor of 188930 and 1910.
10
Calculate the highest common divisor of 324960695 and 85.
85
Calculate the highest common factor of 187 and 134521.
17
Calculate the greatest common divisor of 1 and 54276870.
1
What is the greatest common factor of 1656726 and 59969?
659
What is the greatest common divisor of 3767500 and 2365?
55
Calculate the greatest common divisor of 29710736 and 369416.
6056
Calculate the highest common divisor of 111 and 40695.
3
Calculate the highest common factor of 20465520 and 114325.
1345
What is the greatest common divisor of 28068 and 117116069?
2339
What is the highest common factor of 6454 and 269390882?
922
Calculate the highest common factor of 29403534 and 144.
6
What is the greatest common divisor of 160058 and 22538?
382
Calculate the highest common factor of 176943 and 315354.
507
Calculate the highest common divisor of 43744 and 13120.
32
Calculate the highest common factor of 6906075 and 8833.
121
What is the highest common factor of 183744 and 1854864?
1584
Calculate the highest common divis